{"id":1645,"date":"2016-04-24T14:34:37","date_gmt":"2016-04-24T12:34:37","guid":{"rendered":"http:\/\/steinertseebahn-kfg.de\/?page_id=1645"},"modified":"2016-04-25T19:13:09","modified_gmt":"2016-04-25T17:13:09","slug":"beitragsarchiv","status":"publish","type":"page","link":"https:\/\/steinertseebahn-kfg.de\/startseite\/beitragsarchiv\/","title":{"rendered":"Beitragsarchiv"},"content":{"rendered":"<p>Hier finden sich \u00e4ltere Beitr\u00e4ge<\/p>\n<p><span style=\"font-size: 9.0pt; font-family: 'Arial',sans-serif; color: #333333;\">\n<!-- Page-list plugin v.5.9 wordpress.org\/plugins\/page-list\/ -->\n<ul class=\"page-list siblings-page-list \">\n<li class=\"page_item page-item-1645 page_item_has_children\"><a href=\"https:\/\/steinertseebahn-kfg.de\/startseite\/beitragsarchiv\/\">Beitragsarchiv<\/a>\n<ul class='children'>\n\t<li class=\"page_item page-item-506\"><a href=\"https:\/\/steinertseebahn-kfg.de\/startseite\/beitragsarchiv\/aus-der-werkstatt\/\">&#8230;aus der Werkstatt<\/a><\/li>\n<\/ul>\n<\/li>\n<li class=\"page_item page-item-27 page_item_has_children\"><a href=\"https:\/\/steinertseebahn-kfg.de\/startseite\/bilder-aus-kaufungen\/\">Bilder aus Kaufungen<\/a>\n<ul class='children'>\n\t<li class=\"page_item page-item-1615 page_item_has_children\"><a href=\"https:\/\/steinertseebahn-kfg.de\/startseite\/bilder-aus-kaufungen\/bildarchiv\/\">Bildarchiv<\/a>\n\t<ul class='children'>\n\t\t<li class=\"page_item page-item-1186\"><a href=\"https:\/\/steinertseebahn-kfg.de\/startseite\/bilder-aus-kaufungen\/bildarchiv\/bilder-lichterfest-september-2014\/\">Bilder Lichterfest September 2014<\/a><\/li>\n\t\t<li class=\"page_item page-item-2607\"><a href=\"https:\/\/steinertseebahn-kfg.de\/startseite\/bilder-aus-kaufungen\/bildarchiv\/dampfbahneinsatz-in-wendehausen\/\">Dampfbahneinsatz  in Wendehausen<\/a><\/li>\n\t\t<li class=\"page_item page-item-856\"><a href=\"https:\/\/steinertseebahn-kfg.de\/startseite\/bilder-aus-kaufungen\/bildarchiv\/dbcd-treffen-2013\/\">DBCD-Treffen 2013 Bilder hinzugef\u00fcgt<\/a><\/li>\n\t\t<li class=\"page_item page-item-2243\"><a href=\"https:\/\/steinertseebahn-kfg.de\/startseite\/bilder-aus-kaufungen\/bildarchiv\/dbcd-treffen-2018-bilder\/\">DBCD-Treffen 2018 Bilder<\/a><\/li>\n\t\t<li class=\"page_item page-item-2625\"><a href=\"https:\/\/steinertseebahn-kfg.de\/startseite\/bilder-aus-kaufungen\/bildarchiv\/diverses-kaufungen-ueber-die-jahre\/\">Diverses Kaufungen \u00fcber die Jahre<\/a><\/li>\n\t\t<li class=\"page_item page-item-2603\"><a href=\"https:\/\/steinertseebahn-kfg.de\/startseite\/bilder-aus-kaufungen\/bildarchiv\/markus-bilderkiste-huserland\/\">Markus Bilderkiste Huserland<\/a><\/li>\n\t\t<li class=\"page_item page-item-1320\"><a href=\"https:\/\/steinertseebahn-kfg.de\/startseite\/bilder-aus-kaufungen\/bildarchiv\/ostern-2015-bilder\/\">Ostern 2015 Bilder<\/a><\/li>\n\t\t<li class=\"page_item page-item-1072\"><a href=\"https:\/\/steinertseebahn-kfg.de\/startseite\/bilder-aus-kaufungen\/bildarchiv\/pfingsten-2014\/\">Pfingsten 2014<\/a><\/li>\n\t\t<li class=\"page_item page-item-3011\"><a href=\"https:\/\/steinertseebahn-kfg.de\/startseite\/bilder-aus-kaufungen\/bildarchiv\/sonderfahrtage-fuer-efk-und-wirtschaftsjunioren\/\">Sonderfahrtage f\u00fcr EFK und Wirtschaftsjunioren<\/a><\/li>\n\t<\/ul>\n<\/li>\n\t<li class=\"page_item page-item-1464\"><a href=\"https:\/\/steinertseebahn-kfg.de\/startseite\/bilder-aus-kaufungen\/bilder-quadrocopter\/\">Bilder Quadrocopter<\/a><\/li>\n\t<li class=\"page_item page-item-711\"><a href=\"https:\/\/steinertseebahn-kfg.de\/startseite\/bilder-aus-kaufungen\/historische-aufnahmen\/\">Historische Aufnahmen<\/a><\/li>\n<\/ul>\n<\/li>\n<li class=\"page_item page-item-1422\"><a href=\"https:\/\/steinertseebahn-kfg.de\/startseite\/erreichbarkeit-im-notfall\/\">Erreichbarkeit im Notfall<\/a><\/li>\n<li class=\"page_item page-item-48 page_item_has_children\"><a href=\"https:\/\/steinertseebahn-kfg.de\/startseite\/fahrzeuge\/\">Fahrzeuge<\/a>\n<ul class='children'>\n\t<li class=\"page_item page-item-121\"><a href=\"https:\/\/steinertseebahn-kfg.de\/startseite\/fahrzeuge\/technik\/\">Technik<\/a><\/li>\n<\/ul>\n<\/li>\n<li class=\"page_item page-item-3029\"><a href=\"https:\/\/steinertseebahn-kfg.de\/startseite\/gedenksteine\/\">Gedenksteine<\/a><\/li>\n<li class=\"page_item page-item-597\"><a href=\"https:\/\/steinertseebahn-kfg.de\/startseite\/hinweise-fur-gastfahrer\/\">Hinweise f\u00fcr Gastfahrer<\/a><\/li>\n<li class=\"page_item page-item-118 page_item_has_children\"><a href=\"https:\/\/steinertseebahn-kfg.de\/startseite\/impressum\/\">Impressum<\/a>\n<ul class='children'>\n\t<li class=\"page_item page-item-2237\"><a href=\"https:\/\/steinertseebahn-kfg.de\/startseite\/impressum\/datenschutzerklaerung\/\">Datenschutzerkl\u00e4rung<\/a><\/li>\n<\/ul>\n<\/li>\n<li class=\"page_item page-item-21\"><a href=\"https:\/\/steinertseebahn-kfg.de\/startseite\/kontakt\/\">Kontakt<\/a><\/li>\n<li class=\"page_item page-item-60\"><a href=\"https:\/\/steinertseebahn-kfg.de\/startseite\/mitgliedschaft\/\">Mitgliedschaft<\/a><\/li>\n<li class=\"page_item page-item-37 page_item_has_children\"><a href=\"https:\/\/steinertseebahn-kfg.de\/startseite\/service\/\">Service, Links und Downloads<\/a>\n<ul class='children'>\n\t<li class=\"page_item page-item-1027\"><a href=\"https:\/\/steinertseebahn-kfg.de\/startseite\/service\/steinertseebahn-app\/\">Steinertseebahn App<\/a><\/li>\n<\/ul>\n<\/li>\n<li class=\"page_item page-item-46\"><a href=\"https:\/\/steinertseebahn-kfg.de\/startseite\/so-finden-sie-uns\/\">So finden Sie uns<\/a><\/li>\n<li class=\"page_item page-item-1801\"><a href=\"https:\/\/steinertseebahn-kfg.de\/startseite\/spenden-an-die-steinertseebahn\/\">Spenden an die Steinertseebahn<\/a><\/li>\n<li class=\"page_item page-item-4602\"><a href=\"https:\/\/steinertseebahn-kfg.de\/startseite\/\">Startseite<\/a><\/li>\n<li class=\"page_item page-item-23\"><a href=\"https:\/\/steinertseebahn-kfg.de\/startseite\/strecke\/\">Strecke<\/a><\/li>\n<li class=\"page_item page-item-31\"><a href=\"https:\/\/steinertseebahn-kfg.de\/startseite\/termine-und-offnungszeiten\/\">Termine, Preise und \u00d6ffnungszeiten<\/a><\/li>\n<li class=\"page_item page-item-3198 page_item_has_children\"><a href=\"https:\/\/steinertseebahn-kfg.de\/startseite\/unser-domizil-und-die-keimzelle-des-mbc-in-der-koenigstorschule\/\">Unser Domizil (und die Keimzelle des MBC) in der K\u00f6nigstorschule<\/a>\n<ul class='children'>\n\t<li class=\"page_item page-item-3246\"><a href=\"https:\/\/steinertseebahn-kfg.de\/startseite\/unser-domizil-und-die-keimzelle-des-mbc-in-der-koenigstorschule\/die-n-anlage-malsfeld-beisefoerth\/\">Die N-Anlage Malsfeld-Beisef\u00f6rth<\/a><\/li>\n\t<li class=\"page_item page-item-3222\"><a href=\"https:\/\/steinertseebahn-kfg.de\/startseite\/unser-domizil-und-die-keimzelle-des-mbc-in-der-koenigstorschule\/ho-anlage\/\">HO-Anlage<\/a><\/li>\n<\/ul>\n<\/li>\n<li class=\"page_item page-item-3258\"><a href=\"https:\/\/steinertseebahn-kfg.de\/startseite\/unser-modellbahn-museum-und-clubraum\/\">Unser Modellbahn-Museum und Clubraum<\/a><\/li>\n<li class=\"page_item page-item-51 page_item_has_children\"><a href=\"https:\/\/steinertseebahn-kfg.de\/startseite\/wir-stellen-uns-vor\/\">Wir stellen uns vor<\/a>\n<ul class='children'>\n\t<li class=\"page_item page-item-44\"><a href=\"https:\/\/steinertseebahn-kfg.de\/startseite\/wir-stellen-uns-vor\/jugendgruppe\/\">Jugendgruppe<\/a><\/li>\n<\/ul>\n<\/li>\n<li class=\"page_item page-item-2367\"><a href=\"https:\/\/steinertseebahn-kfg.de\/startseite\/mitgliederbereich\/\">Mitgliederbereich<\/a><\/li>\n\n<\/ul><\/span><\/p>\n","protected":false},"excerpt":{"rendered":"<p>Hier finden sich \u00e4ltere Beitr\u00e4ge<\/p>\n","protected":false},"author":2,"featured_media":0,"parent":0,"menu_order":0,"comment_status":"closed","ping_status":"closed","template":"","meta":{"_monsterinsights_skip_tracking":false,"_monsterinsights_sitenote_active":false,"_monsterinsights_sitenote_note":"","_monsterinsights_sitenote_category":0,"jetpack_post_was_ever_published":false,"footnotes":""},"class_list":["post-1645","page","type-page","status-publish","hentry"],"yoast_head":"<!-- This site is optimized with the Yoast SEO plugin v27.5 - https:\/\/yoast.com\/product\/yoast-seo-wordpress\/ -->\n<title>Beitragsarchiv - MBC Kassel e.V. Steinertseebahn und K\u00f6nigstorschule<\/title>\n<meta name=\"robots\" content=\"index, follow, max-snippet:-1, max-image-preview:large, max-video-preview:-1\" \/>\n<link rel=\"canonical\" href=\"https:\/\/steinertseebahn-kfg.de\/startseite\/beitragsarchiv\/\" \/>\n<meta property=\"og:locale\" content=\"de_DE\" \/>\n<meta property=\"og:type\" content=\"article\" \/>\n<meta property=\"og:title\" content=\"Beitragsarchiv - MBC Kassel e.V. Steinertseebahn und K\u00f6nigstorschule\" \/>\n<meta property=\"og:description\" content=\"Hier finden sich \u00e4ltere Beitr\u00e4ge\" \/>\n<meta property=\"og:url\" content=\"https:\/\/steinertseebahn-kfg.de\/startseite\/beitragsarchiv\/\" \/>\n<meta property=\"og:site_name\" content=\"MBC Kassel e.V. Steinertseebahn und K\u00f6nigstorschule\" \/>\n<meta property=\"article:publisher\" content=\"https:\/\/www.facebook.com\/ModellBahnClubKasselSteinertseebahnkaufungen\/\" \/>\n<meta property=\"article:modified_time\" content=\"2016-04-25T17:13:09+00:00\" \/>\n<script type=\"application\/ld+json\" class=\"yoast-schema-graph\">{\"@context\":\"https:\\\/\\\/schema.org\",\"@graph\":[{\"@type\":\"WebPage\",\"@id\":\"https:\\\/\\\/steinertseebahn-kfg.de\\\/startseite\\\/beitragsarchiv\\\/\",\"url\":\"https:\\\/\\\/steinertseebahn-kfg.de\\\/startseite\\\/beitragsarchiv\\\/\",\"name\":\"Beitragsarchiv - MBC Kassel e.V. Steinertseebahn und K\u00f6nigstorschule\",\"isPartOf\":{\"@id\":\"https:\\\/\\\/steinertseebahn-kfg.de\\\/startseite\\\/#website\"},\"datePublished\":\"2016-04-24T12:34:37+00:00\",\"dateModified\":\"2016-04-25T17:13:09+00:00\",\"breadcrumb\":{\"@id\":\"https:\\\/\\\/steinertseebahn-kfg.de\\\/startseite\\\/beitragsarchiv\\\/#breadcrumb\"},\"inLanguage\":\"de\",\"potentialAction\":[{\"@type\":\"ReadAction\",\"target\":[\"https:\\\/\\\/steinertseebahn-kfg.de\\\/startseite\\\/beitragsarchiv\\\/\"]}]},{\"@type\":\"BreadcrumbList\",\"@id\":\"https:\\\/\\\/steinertseebahn-kfg.de\\\/startseite\\\/beitragsarchiv\\\/#breadcrumb\",\"itemListElement\":[{\"@type\":\"ListItem\",\"position\":1,\"name\":\"Startseite\",\"item\":\"https:\\\/\\\/steinertseebahn-kfg.de\\\/startseite\\\/\"},{\"@type\":\"ListItem\",\"position\":2,\"name\":\"Beitragsarchiv\"}]},{\"@type\":\"WebSite\",\"@id\":\"https:\\\/\\\/steinertseebahn-kfg.de\\\/startseite\\\/#website\",\"url\":\"https:\\\/\\\/steinertseebahn-kfg.de\\\/startseite\\\/\",\"name\":\"Steinertseebahn Kaufungen des MBC Kassel e.V.\",\"description\":\"Lifesteam und Modellbahn seit \u00fcber 40 Jahren\",\"publisher\":{\"@id\":\"https:\\\/\\\/steinertseebahn-kfg.de\\\/startseite\\\/#organization\"},\"potentialAction\":[{\"@type\":\"SearchAction\",\"target\":{\"@type\":\"EntryPoint\",\"urlTemplate\":\"https:\\\/\\\/steinertseebahn-kfg.de\\\/startseite\\\/?s={search_term_string}\"},\"query-input\":{\"@type\":\"PropertyValueSpecification\",\"valueRequired\":true,\"valueName\":\"search_term_string\"}}],\"inLanguage\":\"de\"},{\"@type\":\"Organization\",\"@id\":\"https:\\\/\\\/steinertseebahn-kfg.de\\\/startseite\\\/#organization\",\"name\":\"MBC Kassel e.V. Steinertseebahn\",\"url\":\"https:\\\/\\\/steinertseebahn-kfg.de\\\/startseite\\\/\",\"logo\":{\"@type\":\"ImageObject\",\"inLanguage\":\"de\",\"@id\":\"https:\\\/\\\/steinertseebahn-kfg.de\\\/startseite\\\/#\\\/schema\\\/logo\\\/image\\\/\",\"url\":\"https:\\\/\\\/i2.wp.com\\\/steinertseebahn-kfg.de\\\/wp-content\\\/uploads\\\/2015\\\/07\\\/Logo-SSB.png?fit=865%2C198&ssl=1\",\"contentUrl\":\"https:\\\/\\\/i2.wp.com\\\/steinertseebahn-kfg.de\\\/wp-content\\\/uploads\\\/2015\\\/07\\\/Logo-SSB.png?fit=865%2C198&ssl=1\",\"width\":865,\"height\":198,\"caption\":\"MBC Kassel e.V. Steinertseebahn\"},\"image\":{\"@id\":\"https:\\\/\\\/steinertseebahn-kfg.de\\\/startseite\\\/#\\\/schema\\\/logo\\\/image\\\/\"},\"sameAs\":[\"https:\\\/\\\/www.facebook.com\\\/ModellBahnClubKasselSteinertseebahnkaufungen\\\/\"]}]}<\/script>\n<!-- \/ Yoast SEO plugin. -->","yoast_head_json":{"title":"Beitragsarchiv - MBC Kassel e.V. Steinertseebahn und K\u00f6nigstorschule","robots":{"index":"index","follow":"follow","max-snippet":"max-snippet:-1","max-image-preview":"max-image-preview:large","max-video-preview":"max-video-preview:-1"},"canonical":"https:\/\/steinertseebahn-kfg.de\/startseite\/beitragsarchiv\/","og_locale":"de_DE","og_type":"article","og_title":"Beitragsarchiv - MBC Kassel e.V. Steinertseebahn und K\u00f6nigstorschule","og_description":"Hier finden sich \u00e4ltere Beitr\u00e4ge","og_url":"https:\/\/steinertseebahn-kfg.de\/startseite\/beitragsarchiv\/","og_site_name":"MBC Kassel e.V. Steinertseebahn und K\u00f6nigstorschule","article_publisher":"https:\/\/www.facebook.com\/ModellBahnClubKasselSteinertseebahnkaufungen\/","article_modified_time":"2016-04-25T17:13:09+00:00","schema":{"@context":"https:\/\/schema.org","@graph":[{"@type":"WebPage","@id":"https:\/\/steinertseebahn-kfg.de\/startseite\/beitragsarchiv\/","url":"https:\/\/steinertseebahn-kfg.de\/startseite\/beitragsarchiv\/","name":"Beitragsarchiv - MBC Kassel e.V. Steinertseebahn und K\u00f6nigstorschule","isPartOf":{"@id":"https:\/\/steinertseebahn-kfg.de\/startseite\/#website"},"datePublished":"2016-04-24T12:34:37+00:00","dateModified":"2016-04-25T17:13:09+00:00","breadcrumb":{"@id":"https:\/\/steinertseebahn-kfg.de\/startseite\/beitragsarchiv\/#breadcrumb"},"inLanguage":"de","potentialAction":[{"@type":"ReadAction","target":["https:\/\/steinertseebahn-kfg.de\/startseite\/beitragsarchiv\/"]}]},{"@type":"BreadcrumbList","@id":"https:\/\/steinertseebahn-kfg.de\/startseite\/beitragsarchiv\/#breadcrumb","itemListElement":[{"@type":"ListItem","position":1,"name":"Startseite","item":"https:\/\/steinertseebahn-kfg.de\/startseite\/"},{"@type":"ListItem","position":2,"name":"Beitragsarchiv"}]},{"@type":"WebSite","@id":"https:\/\/steinertseebahn-kfg.de\/startseite\/#website","url":"https:\/\/steinertseebahn-kfg.de\/startseite\/","name":"Steinertseebahn Kaufungen des MBC Kassel e.V.","description":"Lifesteam und Modellbahn seit \u00fcber 40 Jahren","publisher":{"@id":"https:\/\/steinertseebahn-kfg.de\/startseite\/#organization"},"potentialAction":[{"@type":"SearchAction","target":{"@type":"EntryPoint","urlTemplate":"https:\/\/steinertseebahn-kfg.de\/startseite\/?s={search_term_string}"},"query-input":{"@type":"PropertyValueSpecification","valueRequired":true,"valueName":"search_term_string"}}],"inLanguage":"de"},{"@type":"Organization","@id":"https:\/\/steinertseebahn-kfg.de\/startseite\/#organization","name":"MBC Kassel e.V. Steinertseebahn","url":"https:\/\/steinertseebahn-kfg.de\/startseite\/","logo":{"@type":"ImageObject","inLanguage":"de","@id":"https:\/\/steinertseebahn-kfg.de\/startseite\/#\/schema\/logo\/image\/","url":"https:\/\/i2.wp.com\/steinertseebahn-kfg.de\/wp-content\/uploads\/2015\/07\/Logo-SSB.png?fit=865%2C198&ssl=1","contentUrl":"https:\/\/i2.wp.com\/steinertseebahn-kfg.de\/wp-content\/uploads\/2015\/07\/Logo-SSB.png?fit=865%2C198&ssl=1","width":865,"height":198,"caption":"MBC Kassel e.V. Steinertseebahn"},"image":{"@id":"https:\/\/steinertseebahn-kfg.de\/startseite\/#\/schema\/logo\/image\/"},"sameAs":["https:\/\/www.facebook.com\/ModellBahnClubKasselSteinertseebahnkaufungen\/"]}]}},"jetpack_sharing_enabled":true,"jetpack_shortlink":"https:\/\/wp.me\/P3r7K2-qx","jetpack_likes_enabled":true,"jetpack-related-posts":[],"_links":{"self":[{"href":"https:\/\/steinertseebahn-kfg.de\/startseite\/wp-json\/wp\/v2\/pages\/1645","targetHints":{"allow":["GET"]}}],"collection":[{"href":"https:\/\/steinertseebahn-kfg.de\/startseite\/wp-json\/wp\/v2\/pages"}],"about":[{"href":"https:\/\/steinertseebahn-kfg.de\/startseite\/wp-json\/wp\/v2\/types\/page"}],"author":[{"embeddable":true,"href":"https:\/\/steinertseebahn-kfg.de\/startseite\/wp-json\/wp\/v2\/users\/2"}],"replies":[{"embeddable":true,"href":"https:\/\/steinertseebahn-kfg.de\/startseite\/wp-json\/wp\/v2\/comments?post=1645"}],"version-history":[{"count":2,"href":"https:\/\/steinertseebahn-kfg.de\/startseite\/wp-json\/wp\/v2\/pages\/1645\/revisions"}],"predecessor-version":[{"id":1666,"href":"https:\/\/steinertseebahn-kfg.de\/startseite\/wp-json\/wp\/v2\/pages\/1645\/revisions\/1666"}],"wp:attachment":[{"href":"https:\/\/steinertseebahn-kfg.de\/startseite\/wp-json\/wp\/v2\/media?parent=1645"}],"curies":[{"name":"wp","href":"https:\/\/api.w.org\/{rel}","templated":true}]}}