{"id":3198,"date":"2020-10-31T18:09:20","date_gmt":"2020-10-31T16:09:20","guid":{"rendered":"https:\/\/steinertseebahn-kfg.de\/?page_id=3198"},"modified":"2025-11-23T13:53:50","modified_gmt":"2025-11-23T12:53:50","slug":"unser-domizil-und-die-keimzelle-des-mbc-in-der-koenigstorschule","status":"publish","type":"page","link":"https:\/\/steinertseebahn-kfg.de\/startseite\/unser-domizil-und-die-keimzelle-des-mbc-in-der-koenigstorschule\/","title":{"rendered":"Unser Domizil (und die Keimzelle des MBC) in der K\u00f6nigstorschule"},"content":{"rendered":"\r\n<p>Bereits seit \u00fcber 50 Jahren hat der MBC seinen Sitz im Keller der K\u00f6nigstorschule<\/p>\r\n\r\n\r\n\r\n<p>In der Gastst\u00e4tte &#8222;Schillereck&#8220;, wo sich die ersten eisenbahnbegeisterten MBC\u00b4ler im November 1966 trafen, entstanden die Ideen, die dann im Keller der K\u00f6nigstorschule f\u00fcr die Bereiche Modellbahn, Modellbahnmuseum und Archiv umgesetzt wurden<\/p>\r\n\r\n\r\n\r\n<figure class=\"wp-block-image size-large\"><img data-recalc-dims=\"1\" fetchpriority=\"high\" decoding=\"async\" width=\"900\" height=\"437\" class=\"wp-image-3119\" src=\"https:\/\/i0.wp.com\/steinertseebahn-kfg.de\/wp-content\/uploads\/2019\/12\/WhatsApp-Image-2019-11-23-at-19.34.534.jpeg?resize=900%2C437&#038;ssl=1\" alt=\"\" srcset=\"https:\/\/i0.wp.com\/steinertseebahn-kfg.de\/wp-content\/uploads\/2019\/12\/WhatsApp-Image-2019-11-23-at-19.34.534.jpeg?resize=1024%2C497&amp;ssl=1 1024w, https:\/\/i0.wp.com\/steinertseebahn-kfg.de\/wp-content\/uploads\/2019\/12\/WhatsApp-Image-2019-11-23-at-19.34.534.jpeg?resize=300%2C146&amp;ssl=1 300w, https:\/\/i0.wp.com\/steinertseebahn-kfg.de\/wp-content\/uploads\/2019\/12\/WhatsApp-Image-2019-11-23-at-19.34.534.jpeg?resize=768%2C373&amp;ssl=1 768w, https:\/\/i0.wp.com\/steinertseebahn-kfg.de\/wp-content\/uploads\/2019\/12\/WhatsApp-Image-2019-11-23-at-19.34.534.jpeg?resize=1536%2C746&amp;ssl=1 1536w, https:\/\/i0.wp.com\/steinertseebahn-kfg.de\/wp-content\/uploads\/2019\/12\/WhatsApp-Image-2019-11-23-at-19.34.534.jpeg?resize=500%2C243&amp;ssl=1 500w, https:\/\/i0.wp.com\/steinertseebahn-kfg.de\/wp-content\/uploads\/2019\/12\/WhatsApp-Image-2019-11-23-at-19.34.534.jpeg?w=1600&amp;ssl=1 1600w\" sizes=\"(max-width: 900px) 100vw, 900px\" \/>\r\n<figcaption>Blick \u00fcber die HO-Anlage<\/figcaption>\r\n<\/figure>\r\n\r\n\r\n\r\n<p>Es entstanden in den R\u00e4umen die naturgetreue Nachbildung der Strecke Malsfeld-Beisef\u00f6rth in Spurweite N, die Nachbildung des Bahnhofs Wolfershausen in N und eine HO-Anlage, auf der Wechselstrom und Gleichtromfahrzeuge gleichzeitig auf einem Gleis fahren konnten. Nach dem Abriss der Nachbildung von Wolfershausen und der HO-Anlage entstand die gro\u00dfe HO-Anlage oben im Bild.<\/p>\r\n\r\n\r\n\r\n<figure class=\"wp-block-gallery alignwide columns-2 is-cropped wp-block-gallery-1 is-layout-flex wp-block-gallery-is-layout-flex\">\r\n<ul class=\"blocks-gallery-grid\">\r\n<li class=\"blocks-gallery-item\">\r\n<figure><img data-recalc-dims=\"1\" decoding=\"async\" width=\"900\" height=\"505\" class=\"wp-image-1789\" src=\"https:\/\/i0.wp.com\/steinertseebahn-kfg.de\/wp-content\/uploads\/2016\/08\/WP_20141209_18_44_27_Pro.jpg?resize=900%2C505&#038;ssl=1\" alt=\"\" data-id=\"1789\" data-full-url=\"https:\/\/steinertseebahn-kfg.de\/wp-content\/uploads\/2016\/08\/WP_20141209_18_44_27_Pro.jpg\" data-link=\"https:\/\/steinertseebahn-kfg.de\/der-modellbahnclub-kassel-e-v-wird-50\/wp_20141209_18_44_27_pro\/\" srcset=\"https:\/\/i0.wp.com\/steinertseebahn-kfg.de\/wp-content\/uploads\/2016\/08\/WP_20141209_18_44_27_Pro.jpg?resize=1024%2C575&amp;ssl=1 1024w, https:\/\/i0.wp.com\/steinertseebahn-kfg.de\/wp-content\/uploads\/2016\/08\/WP_20141209_18_44_27_Pro.jpg?resize=300%2C169&amp;ssl=1 300w, https:\/\/i0.wp.com\/steinertseebahn-kfg.de\/wp-content\/uploads\/2016\/08\/WP_20141209_18_44_27_Pro.jpg?resize=768%2C431&amp;ssl=1 768w, https:\/\/i0.wp.com\/steinertseebahn-kfg.de\/wp-content\/uploads\/2016\/08\/WP_20141209_18_44_27_Pro.jpg?w=1800&amp;ssl=1 1800w\" sizes=\"(max-width: 900px) 100vw, 900px\" \/>\r\n<figcaption class=\"blocks-gallery-item__caption\">Geb\u00e4ude auf der HO-Anlage<\/figcaption>\r\n<\/figure>\r\n<\/li>\r\n<li class=\"blocks-gallery-item\">\r\n<figure><img data-recalc-dims=\"1\" decoding=\"async\" width=\"900\" height=\"505\" class=\"wp-image-1788\" src=\"https:\/\/i0.wp.com\/steinertseebahn-kfg.de\/wp-content\/uploads\/2016\/08\/WP_20141209_18_40_27_Pro.jpg?resize=900%2C505&#038;ssl=1\" alt=\"\" data-id=\"1788\" data-full-url=\"https:\/\/steinertseebahn-kfg.de\/wp-content\/uploads\/2016\/08\/WP_20141209_18_40_27_Pro.jpg\" data-link=\"https:\/\/steinertseebahn-kfg.de\/der-modellbahnclub-kassel-e-v-wird-50\/wp_20141209_18_40_27_pro\/\" srcset=\"https:\/\/i0.wp.com\/steinertseebahn-kfg.de\/wp-content\/uploads\/2016\/08\/WP_20141209_18_40_27_Pro.jpg?resize=1024%2C575&amp;ssl=1 1024w, https:\/\/i0.wp.com\/steinertseebahn-kfg.de\/wp-content\/uploads\/2016\/08\/WP_20141209_18_40_27_Pro.jpg?resize=300%2C169&amp;ssl=1 300w, https:\/\/i0.wp.com\/steinertseebahn-kfg.de\/wp-content\/uploads\/2016\/08\/WP_20141209_18_40_27_Pro.jpg?resize=768%2C431&amp;ssl=1 768w, https:\/\/i0.wp.com\/steinertseebahn-kfg.de\/wp-content\/uploads\/2016\/08\/WP_20141209_18_40_27_Pro.jpg?w=1800&amp;ssl=1 1800w\" sizes=\"(max-width: 900px) 100vw, 900px\" \/>\r\n<figcaption class=\"blocks-gallery-item__caption\">Schattenbahnhof N-Anlage<\/figcaption>\r\n<\/figure>\r\n<\/li>\r\n<\/ul>\r\n<\/figure>\r\n\r\n\r\n\r\n<p>Hier einige Links zu den Berichten der letzten \u00d6ffnungstage:<\/p>\r\n\r\n\r\n\r\n<p><a href=\"https:\/\/steinertseebahn-kfg.de\/der-lange-nacht-der-modellbahnen\/\">Der langen Nacht der Modellbahnen\u2026<\/a><\/p>\r\n<p><a href=\"https:\/\/steinertseebahn-kfg.de\/event\/publikumstag-im-koenigstor\/\">Publikumstag im K\u00f6nigstor<\/a><\/p>\r\n<p>N\u00e4chste \u00d6ffnungstage:<\/p>\r\n<p><strong>29.11.25 ab 16:00- Open End Lange Nacht der Modellbahnen<\/strong><br \/><strong>30.11.25 13:00-17:00 Fahrtage auf den Anlagen<\/strong><br \/><strong>13.12.25 13:00-17:00 Fahrtage auf den Anlagen<\/strong><br \/><strong>24.01.26 16:00- Open End Lange Nacht der Modellbahnen<\/strong><br \/><strong>25.01.26 13:00-17:00 Fahrtage auf den Anlagen<\/strong><br \/><strong>21.02.26 16:00- Open End Lange Nacht der Modellbahnen<\/strong><br \/><strong>22.02.26 13:00-17:00 Fahrtage auf den Anlagen<\/strong><\/p>\r\n<p>Hier die Chroniken der N-Anlage und des MBC bis einschlie\u00dflich 2016<\/p>\r\n<p><a href=\"https:\/\/steinertseebahn-kfg.de\/wp-content\/uploads\/2020\/10\/Clubchronik-aktuell.-doc.pdf\">Clubchronik aktuell. doc<\/a> <a href=\"https:\/\/steinertseebahn-kfg.de\/wp-content\/uploads\/2020\/10\/Lebenslauf-N-Anlage.pdf\">Lebenslauf N-Anlage<\/a><\/p>\r\n","protected":false},"excerpt":{"rendered":"<p>Bereits seit \u00fcber 50 Jahren hat der MBC seinen Sitz im Keller der K\u00f6nigstorschule In der Gastst\u00e4tte &#8222;Schillereck&#8220;, wo sich die ersten eisenbahnbegeisterten MBC\u00b4ler im November 1966 trafen, entstanden die Ideen, die dann im Keller der K\u00f6nigstorschule f\u00fcr die Bereiche Modellbahn, Modellbahnmuseum und Archiv umgesetzt wurden Es entstanden in den R\u00e4umen die naturgetreue Nachbildung der Strecke Malsfeld-Beisef\u00f6rth in Spurweite N,<\/p>\n","protected":false},"author":2,"featured_media":0,"parent":0,"menu_order":0,"comment_status":"closed","ping_status":"closed","template":"","meta":{"_monsterinsights_skip_tracking":false,"_monsterinsights_sitenote_active":false,"_monsterinsights_sitenote_note":"","_monsterinsights_sitenote_category":0,"jetpack_post_was_ever_published":false,"footnotes":""},"class_list":["post-3198","page","type-page","status-publish","hentry"],"yoast_head":"<!-- This site is optimized with the Yoast SEO plugin v27.4 - https:\/\/yoast.com\/product\/yoast-seo-wordpress\/ -->\n<title>Unser Domizil (und die Keimzelle des MBC) in der K\u00f6nigstorschule - MBC Kassel e.V. Steinertseebahn und K\u00f6nigstorschule<\/title>\n<meta name=\"robots\" content=\"index, follow, max-snippet:-1, max-image-preview:large, max-video-preview:-1\" \/>\n<link rel=\"canonical\" href=\"https:\/\/steinertseebahn-kfg.de\/startseite\/unser-domizil-und-die-keimzelle-des-mbc-in-der-koenigstorschule\/\" \/>\n<meta property=\"og:locale\" content=\"de_DE\" \/>\n<meta property=\"og:type\" content=\"article\" \/>\n<meta property=\"og:title\" content=\"Unser Domizil (und die Keimzelle des MBC) in der K\u00f6nigstorschule - MBC Kassel e.V. Steinertseebahn und K\u00f6nigstorschule\" \/>\n<meta property=\"og:description\" content=\"Bereits seit \u00fcber 50 Jahren hat der MBC seinen Sitz im Keller der K\u00f6nigstorschule In der Gastst\u00e4tte &#8222;Schillereck&#8220;, wo sich die ersten eisenbahnbegeisterten MBC\u00b4ler im November 1966 trafen, entstanden die Ideen, die dann im Keller der K\u00f6nigstorschule f\u00fcr die Bereiche Modellbahn, Modellbahnmuseum und Archiv umgesetzt wurden Es entstanden in den R\u00e4umen die naturgetreue Nachbildung der Strecke Malsfeld-Beisef\u00f6rth in Spurweite N,\" \/>\n<meta property=\"og:url\" content=\"https:\/\/steinertseebahn-kfg.de\/startseite\/unser-domizil-und-die-keimzelle-des-mbc-in-der-koenigstorschule\/\" \/>\n<meta property=\"og:site_name\" content=\"MBC Kassel e.V. Steinertseebahn und K\u00f6nigstorschule\" \/>\n<meta property=\"article:publisher\" content=\"https:\/\/www.facebook.com\/ModellBahnClubKasselSteinertseebahnkaufungen\/\" \/>\n<meta property=\"article:modified_time\" content=\"2025-11-23T12:53:50+00:00\" \/>\n<meta property=\"og:image\" content=\"https:\/\/steinertseebahn-kfg.de\/wp-content\/uploads\/2019\/12\/WhatsApp-Image-2019-11-23-at-19.34.534-1024x497.jpeg\" \/>\n<meta name=\"twitter:label1\" content=\"Gesch\u00e4tzte Lesezeit\" \/>\n\t<meta name=\"twitter:data1\" content=\"2\u00a0Minuten\" \/>\n<script type=\"application\/ld+json\" class=\"yoast-schema-graph\">{\"@context\":\"https:\\\/\\\/schema.org\",\"@graph\":[{\"@type\":\"WebPage\",\"@id\":\"https:\\\/\\\/steinertseebahn-kfg.de\\\/startseite\\\/unser-domizil-und-die-keimzelle-des-mbc-in-der-koenigstorschule\\\/\",\"url\":\"https:\\\/\\\/steinertseebahn-kfg.de\\\/startseite\\\/unser-domizil-und-die-keimzelle-des-mbc-in-der-koenigstorschule\\\/\",\"name\":\"Unser Domizil (und die Keimzelle des MBC) in der K\u00f6nigstorschule - MBC Kassel e.V. Steinertseebahn und K\u00f6nigstorschule\",\"isPartOf\":{\"@id\":\"https:\\\/\\\/steinertseebahn-kfg.de\\\/startseite\\\/#website\"},\"primaryImageOfPage\":{\"@id\":\"https:\\\/\\\/steinertseebahn-kfg.de\\\/startseite\\\/unser-domizil-und-die-keimzelle-des-mbc-in-der-koenigstorschule\\\/#primaryimage\"},\"image\":{\"@id\":\"https:\\\/\\\/steinertseebahn-kfg.de\\\/startseite\\\/unser-domizil-und-die-keimzelle-des-mbc-in-der-koenigstorschule\\\/#primaryimage\"},\"thumbnailUrl\":\"https:\\\/\\\/steinertseebahn-kfg.de\\\/wp-content\\\/uploads\\\/2019\\\/12\\\/WhatsApp-Image-2019-11-23-at-19.34.534-1024x497.jpeg\",\"datePublished\":\"2020-10-31T16:09:20+00:00\",\"dateModified\":\"2025-11-23T12:53:50+00:00\",\"breadcrumb\":{\"@id\":\"https:\\\/\\\/steinertseebahn-kfg.de\\\/startseite\\\/unser-domizil-und-die-keimzelle-des-mbc-in-der-koenigstorschule\\\/#breadcrumb\"},\"inLanguage\":\"de\",\"potentialAction\":[{\"@type\":\"ReadAction\",\"target\":[\"https:\\\/\\\/steinertseebahn-kfg.de\\\/startseite\\\/unser-domizil-und-die-keimzelle-des-mbc-in-der-koenigstorschule\\\/\"]}]},{\"@type\":\"ImageObject\",\"inLanguage\":\"de\",\"@id\":\"https:\\\/\\\/steinertseebahn-kfg.de\\\/startseite\\\/unser-domizil-und-die-keimzelle-des-mbc-in-der-koenigstorschule\\\/#primaryimage\",\"url\":\"https:\\\/\\\/steinertseebahn-kfg.de\\\/wp-content\\\/uploads\\\/2019\\\/12\\\/WhatsApp-Image-2019-11-23-at-19.34.534-1024x497.jpeg\",\"contentUrl\":\"https:\\\/\\\/steinertseebahn-kfg.de\\\/wp-content\\\/uploads\\\/2019\\\/12\\\/WhatsApp-Image-2019-11-23-at-19.34.534-1024x497.jpeg\"},{\"@type\":\"BreadcrumbList\",\"@id\":\"https:\\\/\\\/steinertseebahn-kfg.de\\\/startseite\\\/unser-domizil-und-die-keimzelle-des-mbc-in-der-koenigstorschule\\\/#breadcrumb\",\"itemListElement\":[{\"@type\":\"ListItem\",\"position\":1,\"name\":\"Startseite\",\"item\":\"https:\\\/\\\/steinertseebahn-kfg.de\\\/startseite\\\/\"},{\"@type\":\"ListItem\",\"position\":2,\"name\":\"Unser Domizil (und die Keimzelle des MBC) in der K\u00f6nigstorschule\"}]},{\"@type\":\"WebSite\",\"@id\":\"https:\\\/\\\/steinertseebahn-kfg.de\\\/startseite\\\/#website\",\"url\":\"https:\\\/\\\/steinertseebahn-kfg.de\\\/startseite\\\/\",\"name\":\"Steinertseebahn Kaufungen des MBC Kassel e.V.\",\"description\":\"Lifesteam und Modellbahn seit \u00fcber 40 Jahren\",\"publisher\":{\"@id\":\"https:\\\/\\\/steinertseebahn-kfg.de\\\/startseite\\\/#organization\"},\"potentialAction\":[{\"@type\":\"SearchAction\",\"target\":{\"@type\":\"EntryPoint\",\"urlTemplate\":\"https:\\\/\\\/steinertseebahn-kfg.de\\\/startseite\\\/?s={search_term_string}\"},\"query-input\":{\"@type\":\"PropertyValueSpecification\",\"valueRequired\":true,\"valueName\":\"search_term_string\"}}],\"inLanguage\":\"de\"},{\"@type\":\"Organization\",\"@id\":\"https:\\\/\\\/steinertseebahn-kfg.de\\\/startseite\\\/#organization\",\"name\":\"MBC Kassel e.V. Steinertseebahn\",\"url\":\"https:\\\/\\\/steinertseebahn-kfg.de\\\/startseite\\\/\",\"logo\":{\"@type\":\"ImageObject\",\"inLanguage\":\"de\",\"@id\":\"https:\\\/\\\/steinertseebahn-kfg.de\\\/startseite\\\/#\\\/schema\\\/logo\\\/image\\\/\",\"url\":\"https:\\\/\\\/i2.wp.com\\\/steinertseebahn-kfg.de\\\/wp-content\\\/uploads\\\/2015\\\/07\\\/Logo-SSB.png?fit=865%2C198&ssl=1\",\"contentUrl\":\"https:\\\/\\\/i2.wp.com\\\/steinertseebahn-kfg.de\\\/wp-content\\\/uploads\\\/2015\\\/07\\\/Logo-SSB.png?fit=865%2C198&ssl=1\",\"width\":865,\"height\":198,\"caption\":\"MBC Kassel e.V. Steinertseebahn\"},\"image\":{\"@id\":\"https:\\\/\\\/steinertseebahn-kfg.de\\\/startseite\\\/#\\\/schema\\\/logo\\\/image\\\/\"},\"sameAs\":[\"https:\\\/\\\/www.facebook.com\\\/ModellBahnClubKasselSteinertseebahnkaufungen\\\/\"]}]}<\/script>\n<!-- \/ Yoast SEO plugin. -->","yoast_head_json":{"title":"Unser Domizil (und die Keimzelle des MBC) in der K\u00f6nigstorschule - MBC Kassel e.V. Steinertseebahn und K\u00f6nigstorschule","robots":{"index":"index","follow":"follow","max-snippet":"max-snippet:-1","max-image-preview":"max-image-preview:large","max-video-preview":"max-video-preview:-1"},"canonical":"https:\/\/steinertseebahn-kfg.de\/startseite\/unser-domizil-und-die-keimzelle-des-mbc-in-der-koenigstorschule\/","og_locale":"de_DE","og_type":"article","og_title":"Unser Domizil (und die Keimzelle des MBC) in der K\u00f6nigstorschule - MBC Kassel e.V. Steinertseebahn und K\u00f6nigstorschule","og_description":"Bereits seit \u00fcber 50 Jahren hat der MBC seinen Sitz im Keller der K\u00f6nigstorschule In der Gastst\u00e4tte &#8222;Schillereck&#8220;, wo sich die ersten eisenbahnbegeisterten MBC\u00b4ler im November 1966 trafen, entstanden die Ideen, die dann im Keller der K\u00f6nigstorschule f\u00fcr die Bereiche Modellbahn, Modellbahnmuseum und Archiv umgesetzt wurden Es entstanden in den R\u00e4umen die naturgetreue Nachbildung der Strecke Malsfeld-Beisef\u00f6rth in Spurweite N,","og_url":"https:\/\/steinertseebahn-kfg.de\/startseite\/unser-domizil-und-die-keimzelle-des-mbc-in-der-koenigstorschule\/","og_site_name":"MBC Kassel e.V. Steinertseebahn und K\u00f6nigstorschule","article_publisher":"https:\/\/www.facebook.com\/ModellBahnClubKasselSteinertseebahnkaufungen\/","article_modified_time":"2025-11-23T12:53:50+00:00","og_image":[{"url":"https:\/\/steinertseebahn-kfg.de\/wp-content\/uploads\/2019\/12\/WhatsApp-Image-2019-11-23-at-19.34.534-1024x497.jpeg","type":"","width":"","height":""}],"twitter_misc":{"Gesch\u00e4tzte Lesezeit":"2\u00a0Minuten"},"schema":{"@context":"https:\/\/schema.org","@graph":[{"@type":"WebPage","@id":"https:\/\/steinertseebahn-kfg.de\/startseite\/unser-domizil-und-die-keimzelle-des-mbc-in-der-koenigstorschule\/","url":"https:\/\/steinertseebahn-kfg.de\/startseite\/unser-domizil-und-die-keimzelle-des-mbc-in-der-koenigstorschule\/","name":"Unser Domizil (und die Keimzelle des MBC) in der K\u00f6nigstorschule - MBC Kassel e.V. Steinertseebahn und K\u00f6nigstorschule","isPartOf":{"@id":"https:\/\/steinertseebahn-kfg.de\/startseite\/#website"},"primaryImageOfPage":{"@id":"https:\/\/steinertseebahn-kfg.de\/startseite\/unser-domizil-und-die-keimzelle-des-mbc-in-der-koenigstorschule\/#primaryimage"},"image":{"@id":"https:\/\/steinertseebahn-kfg.de\/startseite\/unser-domizil-und-die-keimzelle-des-mbc-in-der-koenigstorschule\/#primaryimage"},"thumbnailUrl":"https:\/\/steinertseebahn-kfg.de\/wp-content\/uploads\/2019\/12\/WhatsApp-Image-2019-11-23-at-19.34.534-1024x497.jpeg","datePublished":"2020-10-31T16:09:20+00:00","dateModified":"2025-11-23T12:53:50+00:00","breadcrumb":{"@id":"https:\/\/steinertseebahn-kfg.de\/startseite\/unser-domizil-und-die-keimzelle-des-mbc-in-der-koenigstorschule\/#breadcrumb"},"inLanguage":"de","potentialAction":[{"@type":"ReadAction","target":["https:\/\/steinertseebahn-kfg.de\/startseite\/unser-domizil-und-die-keimzelle-des-mbc-in-der-koenigstorschule\/"]}]},{"@type":"ImageObject","inLanguage":"de","@id":"https:\/\/steinertseebahn-kfg.de\/startseite\/unser-domizil-und-die-keimzelle-des-mbc-in-der-koenigstorschule\/#primaryimage","url":"https:\/\/steinertseebahn-kfg.de\/wp-content\/uploads\/2019\/12\/WhatsApp-Image-2019-11-23-at-19.34.534-1024x497.jpeg","contentUrl":"https:\/\/steinertseebahn-kfg.de\/wp-content\/uploads\/2019\/12\/WhatsApp-Image-2019-11-23-at-19.34.534-1024x497.jpeg"},{"@type":"BreadcrumbList","@id":"https:\/\/steinertseebahn-kfg.de\/startseite\/unser-domizil-und-die-keimzelle-des-mbc-in-der-koenigstorschule\/#breadcrumb","itemListElement":[{"@type":"ListItem","position":1,"name":"Startseite","item":"https:\/\/steinertseebahn-kfg.de\/startseite\/"},{"@type":"ListItem","position":2,"name":"Unser Domizil (und die Keimzelle des MBC) in der K\u00f6nigstorschule"}]},{"@type":"WebSite","@id":"https:\/\/steinertseebahn-kfg.de\/startseite\/#website","url":"https:\/\/steinertseebahn-kfg.de\/startseite\/","name":"Steinertseebahn Kaufungen des MBC Kassel e.V.","description":"Lifesteam und Modellbahn seit \u00fcber 40 Jahren","publisher":{"@id":"https:\/\/steinertseebahn-kfg.de\/startseite\/#organization"},"potentialAction":[{"@type":"SearchAction","target":{"@type":"EntryPoint","urlTemplate":"https:\/\/steinertseebahn-kfg.de\/startseite\/?s={search_term_string}"},"query-input":{"@type":"PropertyValueSpecification","valueRequired":true,"valueName":"search_term_string"}}],"inLanguage":"de"},{"@type":"Organization","@id":"https:\/\/steinertseebahn-kfg.de\/startseite\/#organization","name":"MBC Kassel e.V. Steinertseebahn","url":"https:\/\/steinertseebahn-kfg.de\/startseite\/","logo":{"@type":"ImageObject","inLanguage":"de","@id":"https:\/\/steinertseebahn-kfg.de\/startseite\/#\/schema\/logo\/image\/","url":"https:\/\/i2.wp.com\/steinertseebahn-kfg.de\/wp-content\/uploads\/2015\/07\/Logo-SSB.png?fit=865%2C198&ssl=1","contentUrl":"https:\/\/i2.wp.com\/steinertseebahn-kfg.de\/wp-content\/uploads\/2015\/07\/Logo-SSB.png?fit=865%2C198&ssl=1","width":865,"height":198,"caption":"MBC Kassel e.V. Steinertseebahn"},"image":{"@id":"https:\/\/steinertseebahn-kfg.de\/startseite\/#\/schema\/logo\/image\/"},"sameAs":["https:\/\/www.facebook.com\/ModellBahnClubKasselSteinertseebahnkaufungen\/"]}]}},"jetpack_sharing_enabled":true,"jetpack_shortlink":"https:\/\/wp.me\/P3r7K2-PA","jetpack_likes_enabled":true,"jetpack-related-posts":[],"_links":{"self":[{"href":"https:\/\/steinertseebahn-kfg.de\/startseite\/wp-json\/wp\/v2\/pages\/3198","targetHints":{"allow":["GET"]}}],"collection":[{"href":"https:\/\/steinertseebahn-kfg.de\/startseite\/wp-json\/wp\/v2\/pages"}],"about":[{"href":"https:\/\/steinertseebahn-kfg.de\/startseite\/wp-json\/wp\/v2\/types\/page"}],"author":[{"embeddable":true,"href":"https:\/\/steinertseebahn-kfg.de\/startseite\/wp-json\/wp\/v2\/users\/2"}],"replies":[{"embeddable":true,"href":"https:\/\/steinertseebahn-kfg.de\/startseite\/wp-json\/wp\/v2\/comments?post=3198"}],"version-history":[{"count":4,"href":"https:\/\/steinertseebahn-kfg.de\/startseite\/wp-json\/wp\/v2\/pages\/3198\/revisions"}],"predecessor-version":[{"id":4613,"href":"https:\/\/steinertseebahn-kfg.de\/startseite\/wp-json\/wp\/v2\/pages\/3198\/revisions\/4613"}],"wp:attachment":[{"href":"https:\/\/steinertseebahn-kfg.de\/startseite\/wp-json\/wp\/v2\/media?parent=3198"}],"curies":[{"name":"wp","href":"https:\/\/api.w.org\/{rel}","templated":true}]}}